7210899 is divided by 5930?
19
Calculate the remainder when 701256 is divided by 3832.
0
What is the remainder when 391775 is divided by 419?
10
Calculate the remainder when 8292312 is divided by 805.
7
What is the remainder when 870284 is divided by 6260?
144
Calculate the remainder when 4122837 is divided by 48.
21
Calculate the remainder when 70847517 is divided by 96.
93
Calculate the remainder when 549805 is divided by 109702.
1295
Calculate the remainder when 3211657 is divided by 70.
57
What is the remainder when 122750 is divided by 17519?
117
Calculate the remainder when 3386167 is divided by 937.
786
What is the remainder when 93147 is divided by 15353?
1029
What is the remainder when 10669286 is divided by 586?
570
Calculate the remainder when 2100419 is divided by 66.
35
What is the remainder when 7145692 is divided by 62?
6
What is the remainder when 40718117 is divided by 5?
2
What is the remainder when 1634 is divided by 1240?
394
Calculate the remainder when 181399658 is divided by 9856.
9834
Calculate the remainder when 70615879 is divided by 81.
79
What is the remainder when 811990 is divided by 3470?
10
Calculate the remainder when 385210 is divided by 8791.
7197
What is the remainder when 43024716 is divided by 13?
7
Calculate the remainder when 87972 is divided by 21974.
76
What is the remainder when 1344778 is divided by 671655?
1468
Calculate the remainder when 1723898 is divided by 49253.
43
What is the remainder when 6733860 is divided by 3366930?
0
What is the remainder when 2282826 is divided by 48?
42
What is the remainder when 133784615 is divided by 15005?
35
Calculate the remainder when 382825012 is divided by 78.
76
Calculate the remainder when 4529 is divided by 413.
399
What is the remainder when 241005885 is divided by 633?
630
What is the remainder when 282214 is divided by 4341?
49
What is the remainder when 1124776 is divided by 187411?
310
Calculate the remainder when 580243284 is divided by 7.
5
Calculate the remainder when 14854906 is divided by 12.
10
What is the remainder when 1212098 is divided by 1927?
15
Calculate the remainder when 16397 is divided by 290.
157
What is the remainder when 26889 is divided by 1953?
1500
Calculate the remainder when 926009 is divided by 82.
65
What is the remainder when 2412579 is divided by 710?
709
What is the remainder when 1710114 is divided by 427523?
22
Calculate the remainder when 84202623 is divided by 22.
21
What is the remainder when 338861 is divided by 84709?
25
What is the remainder when 6446870 is divided by 6446832?
38
What is the remainder when 625284 is divided by 208427?
3
Calculate the remainder when 56740407 is divided by 12424.
12423
Calculate the remainder when 39096 is divided by 8651.
4492
What is the remainder when 1234334 is divided by 322?
108
What is the remainder when 21088584 is divided by 1129?
1122
What is the remainder when 3600795 is divided by 1057?
653
What is the remainder when 1044657 is divided by 26782?
159
Calculate the remainder when 191328694 is divided by 108.
106
Calculate the remainder when 11670396 is divided by 2802.
66
Calculate the remainder when 72959642 is divided by 7295964.
2
Calculate the remainder when 109062 is divided by 36.
18
What is the remainder when 343815 is divided by 764?
15
What is the remainder when 2004542 is divided by 331?
6
What is the remainder when 10682216 is divided by 3239?
3233
Calculate the remainder when 71619215 is divided by 59.
0
Calculate the remainder when 14668678 is divided by 60.
58
Calculate the remainder when 1817352 is divided by 34.
18
What is the remainder when 2417543 is divided by 22?
7
Calculate the remainder when 464745 is divided by 232231.
283
Calculate the remainder when 4040025 is divided by 367273.
22
What is the remainder when 234092 is divided by 1043?
460
What is the remainder when 4396342 is divided by 718?
28
What is the remainder when 7362816 is divided by 41?
36
What is the remainder when 15464 is divided by 2409?
1010
Calculate the remainder when 7012972 is divided by 3431.
8
Calculate the remainder when 149953 is divided by 37483.
21
Calculate the remainder when 3091384 is divided by 4777.
665
What is the remainder when 60777 is divided by 445?
257
Calculate the remainder when 50391 is divided by 4389.
2112
Calculate the remainder when 21919178 is divided by 353.
349
What is the remainder when 616022 is divided by 1981?
1912
Calculate the remainder when 5905189 is divided by 1334.
905
What is the remainder when 422848 is divided by 2237?
55
What is the remainder when 17311460 is divided by 10024?
12
What is the remainder when 25330118 is divided by 1556?
1550
What is the remainder when 11280970 is divided by 20852?
38
What is the remainder when 70882105 is divided by 1410?
1405
Calculate the remainder when 71657371 is divided by 334.
9
Calculate the remainder when 22527349 is divided by 19.
18
Calculate the remainder when 5684535 is divided by 153636.
3
Calculate the remainder when 129791962 is divided by 293.
287
What is the remainder when 765082 is divided by 382538?
6
What is the remainder when 47875003 is divided by 269?
266
Calculate the remainder when 47153145 is divided by 250.
145
What is the remainder when 607183 is divided by 1537?
68
What is the remainder when 958571 is divided by 236?
175
Calculate the remainder when 4208452 is divided by 140281.
22
What is the remainder when 101370 is divided by 16874?
126
What is the remainder when 711927 is divided by 236684?
1875
What is the remainder when 46061 is divided by 2331?
1772
What is the remainder when 113036815 is divided by 56518398?
19
Calculate the remainder when 274207 is divided by 90823.
1738
Calculate the remainder when 1444252 is divided by 52.
4
Calculate the remainder when 476360 is divided by 1567.
1559
What is the remainder when 3184063 is divided by 3184061?
2
What is the remainder when 1051415 is divided by 72?
71
What is the remainder when 4493901 is divided by 10?
1
Calculate the remainder when 30538 is divided by 2559.
2389
What is the remainder when 1584796 is divided by 6829?
468
Calculate the remainder when 8271448 is divided by 385.
108
Calculate the remainder when 6707713 is divided by 41.
31
Calculate the remainder when 577860 is divided by 9962.
64
What is the remainder when 13517879 is divided by 59030?
9
What is the remainder when 590791 is divided by 375?
166
Calculate the remainder when 44914 is divided by 328.
306
What is the remainder when 375542 is divided by 85?
12
What is the remainder when 299446051 is divided by 6529?
6524
What is the remainder when 6976201 is divided by 410364?
13
What is the remainder when 227098 is divided by 191?
190
What is the remainder when 478948 is divided by 103?
101
What is the remainder when 174896 is divided by 43470?
1016
Calculate the remainder when 9504085 is divided by 478.
11
What is the remainder when 284469487 is divided by 81?
79
Calculate the remainder when 2817540 is divided by 281754.
0
What is the remainder when 34453 is divided by 34382?
71
Calculate the remainder when 4723466 is divided by 674779.
13
Calculate the remainder when 8087234 is divided by 3671.
21
Calculate the remainder when 2726780 is divided by 108.
104
What is the remainder when 391213211 is divided by 13?
12
What is the remainder when 3087349 is divided by 1149?
1135
Calculate the remainder when 75043 is divided by 75042.
1
What is the remainder when 516401 is divided by 46940?
61
What is the remainder when 123393 is divided by 469?
46
What is the remainder when 531279 is divided by 4616?
439
Calculate the remainder when 5158401 is divided by 46.
7
Calculate the remainder when 1663284 is divided by 411.
378
Calculate the remainder when 106122 is divided by 70.
2
Calculate the remainder when 2310735 is divided by 288833.
71
Calculate the remainder when 620465 is divided by 850.
815
Calculate the remainder when 6142631 is divided by 8.
7
What is the remainder when 335440 is divided by 2241?
1531
Calculate the remainder when 394564903 is divided by 11051.
11050
What is the remainder when 417309 is divided by 1399?
407
Calculate the remainder when 9139074 is divided by 199.
198
What is the remainder when 15359191 is divided by 9?
7
Calculate the remaind